-643 + 1593. Let c(p) = 38*p**3 - 2*p**2 - 4*p - 6. Let k be c(3). Suppose 5*m - k = -5*f + 9*m, -5*f - 4*m = -v. Is f prime?
False
Let r(g) = -790*g + 831. Is r(-46) composite?
False
Let p(q) = -123 - 3*q**2 + 110 - 5*q**3 - 13*q - 3*q**3. Let n(i) = -7*i**3 - 3*i**2 - 12*i - 12. Let g(l) = 6*n(l) - 5*p(l). Is g(-5) composite?
True
Let x be (-3)/(-18) + 19/(-6). Let v(w) = -w. Let o be v(x). Suppose o*h - 5*z - 1480 = -2*h, 4*z = -4*h + 1208. Is h a prime number?
False
Let l(u) = -49*u**2 - u - 11. Let y(a) = 98*a**2 + 3*a + 20. Let f(p) = -5*l(p) - 2*y(p). Is f(-7) prime?
True
Let c(t) = -t**3 + 5*t**2 - 3*t + 5. Let r be c(4). Suppose r*b - 2673 = 3051. Is 8/(-16)*8 + (b - 1) composite?
False
Suppose -4*f - 4561 = -4*b + 3*b, f + 9143 = 2*b. Suppose 2*o + 24514 = 4*x + 6222, -o = -x + b. Is x prime?
False
Let h(x) = -53608*x + 1203. Is h(-13) composite?
True
Suppose 1249*j + 3*p + 141552 = 1252*j, 5*p = j - 47164. Is j a prime number?
True
Let t be -70*(-7)/(2/(-2) + 2). Suppose 3*n - t - 44 = 0. Is 10/((4/n)/1) a prime number?
False
Suppose 0 = 2*w - 42 - 660. Let j = w + 76. Is j prime?
False
Suppose 177*a = n + 174*a - 12209, -3*a - 15 = 0. Suppose -4*d = -2*t + n, 2*t - 3*d - 15744 + 3547 = 0. Is t prime?
False
Suppose -5186 = -4*i - 2*a, -3*i + a + 3897 = 5*a. Let b = -4973 + i. Is (b/(-18))/1 - (-2)/3 a composite number?
True
Let z(g) = -3044*g**2 - 13*g - 35. Let b be z(-3). Let h = 41389 + b. Is h composite?
False
Suppose 79*d - 1345487 = 165230. Is d composite?
True
Is (1 - (301216 - 4))/(-4 + (-56)/(-16)) prime?
False
Let z be (-12 + 11 - (10 + 1))*-1. Suppose -9*a = -z*a + 834. Suppose -4*l + a = 5*w, l = -4*l - 2*w + 339. Is l a composite number?
False
Suppose 0*f - 10672 = -8*f. Suppose 5*g + f = 7*g. Is g composite?
True
Let n = 2637 - 2634. Suppose 3*a + 87 = 5*v, 4*v = -2*a + 3*a + 22. Is (0 - a)/(n*(-12)/(-126)) prime?
False
Suppose -503*s + 504*s + 2*d = 25259, -d - 25277 = -s. Is s composite?
True
Let n be 4 - (5114*-2 + -4). Suppose -8*j = -12*j - n. Is ((-12)/18)/(2/j) a composite number?
False
Let h = 45 + -43. Suppose -4*d + 2*k - 128 = -3*k, h*k + 127 = -5*d. Let t = d + 40. Is t a prime number?
True
Suppose -3*u - 6 = 3. Let t be ((-12)/(-3) - 217)*1/u. Suppose 3*v - 124 - t = 0. Is v a composite number?
True
Suppose -4*h - 27218 + 198034 = 0. Suppose 29*p - 13*p - h = 0. Is p a prime number?
False
Let n(k) = -52*k - 2. Let f be 4/18*6*(-1 - 5). Let l be n(f). Suppose -1181 = -5*v + l. Is v prime?
False
Suppose 0*d = -2*d + 1358. Suppose 385 = -z - d. Is -3 - (z + -3 + 3) composite?
False
Let s(a) = a**3 - 16*a**2 - 17*a - 2. Suppose -2*v + 30 + 0 = 0. Let h be s(v). Let q = 419 - h. Is q prime?
False
Suppose 31*z + 224212 - 2221466 = 17*z. Is z a prime number?
False
Let v = 173311 - 121540. Is v a prime number?
False
Is ((-320257)/(-6))/(4/(-72)*-3) a composite number?
True
Suppose -3*h - 106 = -193. Suppose h*w + 17035 = 30*w. Is w composite?
True
Let k be 120/70 - 2 - (-111850)/14. Let s = k - -332. Is s prime?
False
Let t(q) = -2*q**3 + 22*q**2 - 20*q + 24. Let c be t(10). Is 11861 + -3 + c/(-11 - -3) a composite number?
True
Let p be (11 - 7)*(-2 - 3/(-2)). Is 7367 - (6 - 6) - p a prime number?
True
Suppose -61*c + 53*c - 272 = 0. Is (145027/c)/((-4)/8) prime?
False
Let x(f) be the third derivative of f**6/120 - f**5/12 - 11*f**4/24 - 5*f**3/2 + 17*f**2. Let a be x(7). Is (-3)/a*-1574 - 0 composite?
False
Let i(q) = -q**3 + 55*q**2 - 50*q - 37. Let z be 4 - (-45)/(-11) - 1686/(-33). Is i(z) composite?
False
Suppose -f + s = 4*s - 68, f - 71 = -4*s. Let j(m) = 53*m - 32*m + 9*m + f*m. Is j(1) a prime number?
True
Suppose -15*y + 405 = 75. Suppose 40*k = y*k + 146646. Is k prime?
True
Suppose -10084860 = -115*t - 46*t - 19*t. Is t a prime number?
False
Let l(u) = -u**3 + 39*u + 24. Let p be l(-7). Suppose -68646 = -100*a + p*a. Is a a prime number?
False
Suppose -2*m - 14377 = 3*p, p - 31245 + 2484 = 4*m. Let u be (m/(-3))/(6/27*3). Is 6/(120/u)*(2 - -2) prime?
True
Let b(u) be the third derivative of -u**6/30 + 7*u**5/60 + u**4 + 8*u**3/3 - 5*u**2. Is b(-11) a prime number?
True
Suppose 38 - 116 = -3*m. Let f = m + -28. Is (148/8)/(2/((-8)/f)) composite?
False
Let q(n) = -2*n - 2. Let b be q(-3). Suppose 2*z + b*p = 3*p + 506, 1012 = 4*z + 4*p. Let d = z - 96. Is d a prime number?
True
Suppose 3*j = 5*w - 232222, -10*j + 5*j + 325028 = 7*w. Is w prime?
True
Suppose -11130 = -0*i + 8*i - 129746. Is i a prime number?
True
Suppose 3*p + 8 - 23 = 0. Suppose 4*i - 5595 = -5*r, -p*i = -0*i - 25. Suppose -3*v + r = 2*v. Is v prime?
True
Let g = -393 - -401. Suppose g*x - 1262 = 6*x + 5*i, 5*i - 2524 = -4*x. Is x a prime number?
True
Let y = 32 - 26. Let m be (-6)/2*(-20)/y. Let q(a) = 356*a + 11. Is q(m) a composite number?
False
Suppose -47 = -5*a + 4*f - 5, -3*a + 24 = -3*f. Suppose a*j - 14*j = 0. Suppose -6*p - 255 + 1125 = j. Is p composite?
True
Let n(u) = u**2 - 19*u - 82. Let b be n(-4). Is 59515/b*(-1 + 3) a composite number?
False
Let i be (1 - (-3)/3)/((-1)/(-131)). Suppose -4*v + i + 950 = 0. Suppose 0 = -5*h + a + 1888, -v = -3*h - 3*a + 819. Is h a composite number?
True
Let k(c) = 139*c**3 - 144*c**3 - 7*c**2 - 68*c + 27*c - 105. Is k(-14) a composite number?
True
Let o = 12 + 227. Let y = 3238 - o. Let d = -1141 + y. Is d a prime number?
False
Let q = 106192 - 68481. Is q a prime number?
False
Let r(t) = 1572*t**2 + 12*t + 197. Is r(-8) a prime number?
False
Let w(x) = 1 - 1 - 9*x**2 - 4 + 5*x - 8 - 3*x**3. Is w(-7) a prime number?
True
Let d = 20953 + -8882. Is d a composite number?
False
Let f = -47 - -44. Let p = f - -6. Suppose 0 = c + 5*q - 30, p*c - 5*q + 59 = 169. Is c a composite number?
True
Suppose 0 = -5*v - 2*y + 327177, -11*v + 507014 + 212777 = 4*y. Is v a prime number?
True
Suppose 4*o = -4, 3*h + 2*o = 1 + 15. Let f = 61 - h. Is f composite?
True
Suppose 0 = -q - 2*x - 10, -5*q + 4*x = -0*q - 6. Let o(g) be the third derivative of 121*g**5/60 + g**4/8 + g**3/6 + g**2 + 83. Is o(q) a prime number?
True
Suppose 32*z + 3605729 = 8377612 + 5292533. Is z composite?
False
Let v(t) be the first derivative of t**4/4 + 7*t**3 + 9*t**2 - 40*t - 6. Let r be v(-20). Suppose 2*a - 1029 = 5*l, -2*a - a + 3*l + 1548 = r. Is a prime?
False
Let w(p) = -6*p + 1. Let v be w(0). Let n be 2 + 205 - (v - -1). Let r = n + -76. Is r a prime number?
False
Let u(c) = 85*c**3 - 10*c - 8. Suppose 25 = 5*h - 3*a, 2*h + 2*a - 10 = 5*a. Is u(h) prime?
True
Suppose 4*f = -2*y - 26, -4*f - 3*y = -5*y + 6. Is (-2)/3*5793/f*2 a composite number?
False
Suppose 364*v - 22995 - 23233 = 0. Is v a prime number?
True
Let j(p) = -80*p + 2043. Is j(23) a composite number?
True
Let y(a) be the first derivative of 127*a**3 - 3*a**2 - 17*a - 91. Is y(-4) a prime number?
False
Is (1 - 0)/((-10370244)/(-10370182) - (-3)/(-3)) a prime number?
True
Suppose -364*h + 369*h - 98293 = -4*o, 12 = -4*o. Is h composite?
False
Suppose -3*d - 2*l + 396 = 0, -5*d - 5*l = -350 - 315. Let q = 917 - d. Is q a composite number?
False
Let d(j) = -151*j + 18. Let k be d(-18). Suppose 3*t = r - 6*r - k, -5*r - 2722 = -4*t. Let f = r + 833. Is f composite?
True
Let u = -52 - -57. Suppose 5*j - 9755 = 5*n, 0*j - n - 9771 = -u*j. Let o = j + -378. Is o composite?
True
Let q(g) be the second derivative of g**5/20 + 13*g**4/12 - g**3/6 - 17*g**2/2 - g + 8. Is q(12) prime?
True
Let i = 202142 - 124551. Is i composite?
False
Suppose 146*g - 3250021 = -52*g + 41543717. Is g a prime number?
True
Let m = -129867 - -213700. Is m a composite number?
False
Let b = 40753 + -20916. Is b prime?
False
Let s(o) = -3 - 126*o - 168*o - 47*o. Suppose k + 17 = -3*d - 0*k, 4*d + 6 = 2*k. Is s(d) prime?
True
Let m = 934 + -2158. Let s = 2103 + m. Is s a composite number?
True
Let o = 205 - 194. Suppose 0 = -o*d - 6*d + 6919. Is d a composite number?
True
Suppose -d - x + 1 = 0, 0 = -0*d + 2*d + 5*x - 5. Suppose d = 2*z + 5*c - 38663, -z + 2*c + 23869 = 4560. Is z a composite number?
False
Suppose -350*l = -351*l + 2*q + 379555, -1518268 = -4*l + 2*q. Is l a composite number?
False
Suppose -1634 = -8*x + 2046. Suppose -3*g + x = -0*u + 4*u, -5*u + 574 = 4*g. Is u prime?
False
Let a(q) = 18*q - 95 + 17*q + 6 + 18. Is a(14) a composite number?
False
Let d be (488610/24)/15*4